alculate the highest common divisor of 20 and 305.
5
Calculate the highest common divisor of 29 and 1856.
29
What is the highest common factor of 6748 and 35?
7
What is the greatest common divisor of 612 and 162?
18
What is the greatest common factor of 37 and 1147?
37
What is the highest common divisor of 10 and 98?
2
Calculate the greatest common factor of 99 and 81.
9
What is the greatest common factor of 936 and 72?
72
What is the greatest common factor of 99 and 2343?
33
Calculate the highest common divisor of 198 and 1298.
22
What is the highest common divisor of 18 and 4734?
18
What is the greatest common factor of 968 and 363?
121
Calculate the greatest common divisor of 18 and 2304.
18
Calculate the greatest common factor of 448 and 12432.
112
What is the highest common divisor of 392 and 147?
49
Calculate the highest common factor of 799 and 376.
47
What is the greatest common divisor of 6844 and 8?
4
What is the greatest common factor of 88 and 341?
11
Calculate the highest common factor of 202 and 1919.
101
Calculate the greatest common factor of 1692 and 900.
36
Calculate the greatest common divisor of 207 and 36.
9
What is the highest common factor of 1326 and 34?
34
What is the highest common divisor of 346 and 7?
1
What is the highest common divisor of 182 and 156?
26
Calculate the highest common factor of 15 and 815.
5
What is the highest common divisor of 2278 and 476?
34
What is the highest common divisor of 2668 and 319?
29
Calculate the greatest common factor of 864 and 243.
27
What is the highest common divisor of 1776 and 2352?
48
What is the greatest common divisor of 4 and 1852?
4
What is the greatest common factor of 28410 and 60?
30
What is the highest common divisor of 2809 and 106?
53
Calculate the greatest common factor of 318 and 424.
106
Calculate the greatest common divisor of 42 and 42.
42
Calculate the highest common divisor of 22 and 1177.
11
Calculate the highest common divisor of 192 and 240.
48
What is the greatest common factor of 13 and 169?
13
What is the greatest common divisor of 185 and 15?
5
What is the greatest common divisor of 637 and 1313?
13
What is the highest common factor of 10 and 1920?
10
What is the highest common divisor of 12372 and 6?
6
What is the greatest common factor of 14 and 154?
14
What is the greatest common divisor of 78 and 26?
26
Calculate the highest common factor of 56 and 104.
8
What is the highest common divisor of 517 and 47?
47
What is the highest common divisor of 160 and 864?
32
What is the greatest common divisor of 130 and 240?
10
Calculate the highest common divisor of 10 and 50.
10
What is the highest common divisor of 50 and 3?
1
What is the highest common factor of 144 and 207?
9
What is the highest common divisor of 567 and 5184?
81
What is the highest common divisor of 3344 and 76?
76
Calculate the greatest common divisor of 1464 and 2135.
61
What is the highest common factor of 36352 and 71?
71
Calculate the highest common divisor of 123 and 9.
3
Calculate the greatest common factor of 1500 and 40.
20
What is the greatest common divisor of 6 and 142?
2
Calculate the greatest common factor of 259 and 21.
7
What is the highest common factor of 10 and 3125?
5
Calculate the highest common factor of 1660 and 60.
20
What is the greatest common factor of 20 and 670?
10
What is the greatest common divisor of 980 and 3332?
196
What is the highest common factor of 488 and 671?
61
Calculate the greatest common divisor of 78 and 5161.
13
What is the greatest common factor of 1485 and 90?
45
Calculate the highest common divisor of 87 and 6873.
87
Calculate the highest common factor of 7178 and 74.
74
What is the greatest common divisor of 35 and 20545?
35
What is the greatest common divisor of 125 and 100?
25
Calculate the highest common divisor of 56 and 1316.
28
What is the greatest common factor of 10720 and 32?
32
What is the greatest common factor of 54 and 422?
2
Calculate the greatest common factor of 2294 and 2232.
62
Calculate the greatest common factor of 464 and 783.
29
Calculate the greatest common divisor of 14656 and 229.
229
Calculate the greatest common divisor of 79 and 14141.
79
Calculate the highest common factor of 15 and 75.
15
What is the greatest common divisor of 5792 and 32?
32
What is the greatest common factor of 3255 and 496?
31
What is the highest common factor of 2655 and 45?
45
Calculate the highest common factor of 968 and 40.
8
What is the greatest common divisor of 16 and 892?
4
What is the greatest common factor of 44 and 407?
11
Calculate the greatest common divisor of 381 and 3.
3
Calculate the highest common divisor of 153 and 48399.
51
Calculate the highest common factor of 21 and 2877.
21
What is the highest common factor of 73 and 3869?
73
What is the highest common divisor of 195 and 1677?
39
Calculate the highest common divisor of 639 and 27.
9
What is the greatest common divisor of 23 and 529?
23
What is the highest common divisor of 50 and 145?
5
What is the greatest common factor of 250 and 30?
10
Calculate the highest common factor of 329 and 141.
47
Calculate the greatest common factor of 192 and 9344.
64
What is the greatest common divisor of 179520 and 187?
187
What is the highest common divisor of 23 and 736?
23
Calculate the highest common divisor of 196 and 126.
14
Calculate the greatest common factor of 54 and 1350.
54
Calculate the highest common divisor of 40 and 248.
8
Calculate the greatest common factor of 67 and 804.
67
What is the greatest common divisor of 120 and 72?
24
What is the greatest common divisor of 352 and 32?
32
Calculate the greatest common factor of 6 and 861.
3
Calculate the greatest common divisor of 31 and 1271.
31
What is the highest common divisor of 312 and 396?
12
Calculate the highest common divisor of 399 and 105.
21
Calculate the greatest common divisor of 310 and 30.
10
Calculate the highest common divisor of 517 and 66.
11
Calculate the greatest common divisor of 247 and 38.
19
Calculate the greatest common divisor of 228 and 266.
38
What is the highest common divisor of 8 and 311?
1
What is the highest common divisor of 744 and 6510?
186
What is the highest common factor of 688 and 2236?
172
Calculate the greatest common divisor of 304 and 16.
16
Calculate the highest common divisor of 1023 and 279.
93
What is the greatest common factor of 168 and 3402?
42
What is the greatest common divisor of 325 and 78?
13
Calculate the highest common factor of 18 and 81.
9
Calculate the highest common factor of 22 and 616.
22
Calculate the greatest common divisor of 364 and 70616.
364
Calculate the highest common factor of 31 and 1798.
31
What is the highest common factor of 190 and 1045?
95
Calculate the highest common divisor of 11 and 3113.
11
What is the greatest common divisor of 48 and 64?
16
Calculate the greatest common divisor of 14 and 7574.
14
Calculate the greatest common divisor of 276 and 32660.
92
Calculate the greatest common factor of 110 and 1122.
22
What is the highest common divisor of 173 and 1?
1
Calculate the greatest common factor of 16 and 44.
4
Calculate the greatest common factor of 33 and 891.
33
Calculate the greatest common factor of 1 and 156.
1
Calculate the highest common factor of 26 and 702.
26
What is the highest common factor of 306 and 136?
34
What is the highest common divisor of 2900 and 50?
50
Calculate the greatest common divisor of 512 and 32.
32
Calculate the greatest common divisor of 3105 and 27.
27
What is the greatest common factor of 1742 and 26?
26
Calculate the greatest common factor of 60 and 7620.
60
What is the greatest common factor of 873 and 27?
9
What is the greatest common divisor of 464 and 32?
16
Calculate the highest common factor of 26785 and 11.
11
Calculate the greatest common divisor of 552 and 96.
24
Calculate the highest common divisor of 56 and 252.
28
Calculate the highest common factor of 320 and 192.
64
Calculate the greatest common factor of 40 and 10840.
40
Calculate the highest common factor of 140 and 112.
28
Calculate the greatest common factor of 36 and 522.
18
What is the highest common divisor of 53088 and 84?
84
What is the highest common factor of 9708 and 24?
12
What is the greatest common divisor of 82 and 2